4)/7?
7
Suppose 203*s = 205*s - j - 51243, -76884 = -3*s - 5*j. What is the thousands digit of s?
5
Let o(y) = y**3 + 17*y**2 + 11*y - 10. Suppose 0 = -4*m - 0 - 4. Let i be -2 - 2*(8 + m). What is the tens digit of o(i)?
7
Let b(l) = 4*l + 54. Let g be b(-15). Let m be (27/36)/(g/(-8)). What is the tens digit of (m/2)/((-23)/(-9614))?
0
Suppose 0 = 3*d + 1030 - 25. Let m = -194 - d. What is the units digit of m?
1
What is the tens digit of (14 - 45/(-27))*30?
7
Suppose -19 = -4*o + 1. Suppose 0 = -3*a + o + 1. Suppose -2*x + 64 = -5*v - 77, a*v = -x + 66. What is the tens digit of x?
6
What is the ten thousands digit of -3 + -15 - -11704 - -3?
1
Suppose -7*v = -3*v - 8, 4*r + 3*v + 2 = 0. Let i be r/4*1806/(-7). What is the units digit of 14*i/24 - 1/4?
5
Let w be -1*1*(9 - 27). What is the hundreds digit of 131 + (w/15 - 5/25)?
1
Let c be 20 + ((-11)/(-33) - (-14)/3). Suppose 20*u = -c*u + 24525. What is the tens digit of u?
4
Suppose 2*l - 4*d = 9398, -d = d + 4. What is the units digit of l?
5
Let x(b) be the second derivative of -80*b**3/3 + b**2 + 20*b. Let y be x(-2). Suppose n - 486 = -5*h + y, -2*n = -h + 166. What is the tens digit of h?
6
Suppose 0 = 29*q + 302 - 12. What is the units digit of (15/q)/((-3)/1636)?
8
Suppose -5*o - 14*d + 15*d + 91 = 0, o - 3*d = 7. Suppose -o*x + 5895 = 860. What is the units digit of x?
5
Let y(u) = -2278*u - 2796. What is the thousands digit of y(-12)?
4
Let w(s) = -1224*s - 501. What is the tens digit of w(-4)?
9
Let m = 0 + 4. Suppose 11*c = 10*c + m. Suppose -c*q + 125 = q. What is the units digit of q?
5
Suppose -123 + 633 = 34*v. What is the hundreds digit of (139/1)/(9 + (-132)/v)?
6
Let y(x) = 31*x**3 - 42*x**2 + 10*x - 62. What is the tens digit of y(7)?
8
Suppose -114*d = -116*d + 12. Let w be (-35)/(d/(-12)*2). What is the tens digit of (-7)/(w/(-15)) - -279?
8
Let f be (12/(-12))/((-1)/3). Let j(q) = -5*q - 9. Let s(l) = 5*l + 9. Let m(w) = f*j(w) + 2*s(w). What is the units digit of m(-4)?
1
Let t(h) = h**3 + 36*h**2 - 123*h - 73. What is the tens digit of t(-24)?
9
Let k = -18227 - -68191. What is the tens digit of k?
6
Let r(m) = 126*m**2 - 18*m + 43. Let l be r(2). Let d = 519 - l. What is the units digit of d?
8
Suppose 2*p - 2*h = 42358, 0 = 60*h - 57*h - 12. What is the units digit of p?
3
Let u(k) = -8096*k + 56. Let w be u(-1). Suppose 0 = -10*r + 1738 + w. What is the tens digit of r?
8
Let l(w) = 151*w**2 - 18*w + 139. What is the tens digit of l(7)?
1
Suppose 4*u + 13*z - 229542 = 8*z, -z + 516490 = 9*u. What is the tens digit of u?
8
Suppose 3*m - 15*j + 11*j - 40259 = 0, -5*j = -m + 13438. What is the tens digit of m?
1
Let b = -8227 - -13761. What is the units digit of b?
4
Let d(q) = -q**3 + 37*q**2 + 328*q - 19. What is the thousands digit of d(39)?
9
Suppose 2 = 3*q + 29. Let m(k) = 3*k + 31. Let i be m(q). Suppose i*z = 183 + 129. What is the tens digit of z?
7
Let j(c) = -9*c + 18*c - 5*c + 12 - 7*c. Let m be j(5). What is the hundreds digit of (((-48)/m)/1)/((-10)/(-195))?
3
Let a(o) = -2*o + 19. Let v be a(0). Let j(t) = -t**2 + 19*t + 12. Let w be j(v). What is the tens digit of 20*5/(75/w)?
1
Suppose h - 2704 = 3*t + 3381, -4*h = t + 2037. Let y = -1059 - t. What is the units digit of y?
0
Suppose 3*c + 18 = 3, 0 = 5*l - 5*c + 85. Let f = l + 115. Suppose -585 - f = -3*b. What is the tens digit of b?
2
Suppose -12*l = -14*l - 728. Let z = l - -588. What is the units digit of z?
4
Let n = -3154 + 4712. What is the thousands digit of n?
1
Suppose 155853 = 30*i - 37437. What is the units digit of i?
3
Let q(w) = 36*w + 7. Let b be q(4). Suppose -4*i + 133 + b = 4*z, 4*i + 3*z - 281 = 0. What is the tens digit of i?
6
Let h(o) = -19*o**3 + 1. Let f be h(1). Let k be f/12 + (-9)/(-2). Suppose 4*v + 15 = i, -k*i = -2*v - 38 - 27. What is the units digit of i?
3
Suppose 6*t - 39 + 3 = 0. Suppose 2*p - t*p - 3*l + 2608 = 0, 2*l = 4*p - 2608. What is the units digit of p?
2
Let d(r) = 2*r**2 + 3*r + 9. Let a be d(-4). Suppose 0 = -a*y + 25*y + 40. Suppose -y*k = -282 - 688. What is the tens digit of k?
9
Let k(x) = -x**2 - 98*x - 196. What is the thousands digit of k(-18)?
1
Let y(q) = -16008*q + 355. What is the units digit of y(-1)?
3
What is the hundreds digit of (10 - -2) + (-1 - -11112)?
1
Let p(l) = -8*l + 207. Let f be p(20). Let n = -7 - 36. Let h = n + f. What is the units digit of h?
4
Let m = 239 + -247. What is the units digit of m + 9 + 82 + (-1 - -1)?
3
Let t = 1616 - 743. Suppose h - t - 435 = 0. What is the hundreds digit of h?
3
Let y(h) = -h**3 - 20*h**2 - 17*h + 33. Let o be y(-19). Let r(b) = 27*b**2 + 2*b - 1. What is the hundreds digit of r(o)?
6
What is the thousands digit of 1/(-5) + (-15)/((-1650)/268972)?
2
Let s = 189 - 15. Suppose -i - 3*c + 112 = 0, 4*c + s = 2*i - 0*c. What is the units digit of i?
7
Suppose 46*u = 41*u - 5. What is the hundreds digit of (-2 + (1/u - -670))/1?
6
Let g(i) = i**3 + 6*i**2 - 14*i - 90. Let s be g(-5). Suppose 0 = 5*f - 2*h - 5136, 31*f - 26*f - 5150 = -s*h. What is the units digit of f?
8
Let a(u) be the third derivative of u**4/24 + 3*u**3 - 20*u**2. Let o be a(-13). What is the units digit of 202 + o/(-3)*-3?
7
Suppose 3*k - 4*k = 3*c + 29, c - 5*k - 17 = 0. Let o be 6535*(-3)/90 + (-2)/12. Let p = c - o. What is the hundreds digit of p?
2
Let q(x) = -2*x + 59. Let c be 4/14 + -302*14/49. Let k = c - -93. What is the units digit of q(k)?
5
Let s = 121 + 367. Suppose 3*w + w = c + 480, -4*w - c = -s. What is the hundreds digit of w?
1
Let g(q) = -107*q - 36. Let y be (12/2)/(30/(-20)). What is the units digit of g(y)?
2
Suppose 4*m - 152 = 2*m. Let c = m - -309. What is the hundreds digit of c?
3
Let u(f) = 5*f**2 - 4*f + 4. Let l be u(11). Suppose -3*z + 16 - 13 = 0, 3*z = -v + l. What is the hundreds digit of v?
5
Let v = 10956 + -5079. What is the tens digit of v?
7
Let z be (1 - -3) + -2 + 4 + 29. Suppose -n + 18 = -z. Let o = -30 + n. What is the units digit of o?
3
What is the thousands digit of 9278 - (81/(-12) + (-29)/116)?
9
Suppose -14*q = 8*q + 2266. Let i = 809 + q. What is the units digit of i?
6
Suppose 0 = 6*y - 0 - 18. Suppose -y*x = 2*d - 6, x = 5*x + 3*d - 8. What is the units digit of (-14)/(x/3 - (-77)/(-66))?
8
Let i = 697 + -21. What is the hundreds digit of i?
6
Let m(h) = 19*h**2 + 81*h - 31. What is the hundreds digit of m(3)?
3
Let c = 1425 + -1418. Let q(f) be the first derivative of f**4/4 - 4*f**3/3 - f**2/2 + 14*f + 3. What is the units digit of q(c)?
4
Let l be 20/(40/(-4)) - (-1 - -18). Let d(x) = x**3 + 23*x**2 - x - 74. What is the tens digit of d(l)?
8
Suppose 7*q = -0*q + 1505. Suppose 3*w + q = -5*o - 0*o, -w - o - 73 = 0. What is the units digit of (-85)/w - 8/60?
1
What is the units digit of ((-118)/(-5))/(8 + (-36099)/4515)?
4
Let r = 9960 + -4707. What is the units digit of r?
3
Suppose 16*z - 22*z - 6*z = -113208. What is the tens digit of z?
3
Let o(k) = -218*k + 70. Let b be o(8). Let p = 64 - b. What is the tens digit of p?
3
Let n(u) = u - 36. Let s(y) = -y + 74. Let b(d) = -9*n(d) - 4*s(d). Let i be b(6). What is the units digit of i/(-7) - (3 - 855/21)?
8
Let s(b) = -8*b**3 - 7*b**2 + b + 4. Let g be s(-10). Suppose 24*i - g = 5330. What is the units digit of i?
6
Let s be 3/(12/(-20)) - -18. Suppose s*i + 9000 = 3*i. What is the tens digit of ((i/2)/(-5))/(2/1)?
4
Suppose 4*v - 2*i - 22894 = 0, v + 0*v = -i + 5731. What is the units digit of v?
6
Let m = -948 - -1648. Suppose 30*i = 26*i + m. What is the hundreds digit of i?
1
Let o = 100758 + -55795. What is the thousands digit of o?
4
Suppose -67*r + 364500 = -5*r + 88*r. What is the units digit of r?
0
Suppose -6*i - 6 = -8*i. Suppose -3*v = i*a - 909, 1601 = 4*a - v + 394. What is the tens digit of a?
0
Let i(w) = -3*w - 1. Let o be i(23). Let d = o - -70. Suppose 2*a - 123 = -3*p + 14, 2*a - 2*p - 152 = d. What is the units digit of a?
3
Let p(g) = 20*g**2 - 3. Let w be ((-5)/(20/12) + 19)*1. Let l(x) = 2*x - 35. Let b be l(w). What is the tens digit of p(b)?
7
Let q(i) = -6*i**3 + 4*i**2 - 8*i - 70. What is the units digit of q(-9)?
0
Let u(r) = -r**3 + 4*r + 5. Let g be u(-2). Suppose 3*y - 371 = g*m + 2*y, 0 = -2*m + 5*y - 153. Let o = m - -167. What is the tens digit of o?
9
Let b(l) = 9*l**3 - 4*l**